d(v) = 2*v + a + v**2 + v**3 - 4*v + v. What is d(0)?
10
Let t(n) = -n**3 - n**2 + 3*n + 4. Let y be t(-2). Let c(o) = -6 + 3*o**3 - 2*o**3 - 6*o**2 - 3*o + o**y. Determine c(6).
12
Let c(v) be the second derivative of v**5/20 + 5*v**4/12 + v**3/2 + 7*v**2/2 + v - 8. Let f = 7 - 12. What is c(f)?
-8
Let r(v) = v**3 + 4*v**2 - 3*v - 6. Let k = 42 + -36. Suppose 0 = -3*j - 4*d + 6*d - k, 2*j - d = -5. What is r(j)?
6
Let r(j) = 2*j + 8. Suppose -6*v = 32*v + 228. What is r(v)?
-4
Suppose -6*q - 79 + 61 = 0. Let a(n) = -2*n**2 - 3*n - 3. Determine a(q).
-12
Suppose -w - 10*w + 22 = 0. Let v(p) = 7*p**3 + 1615*p**2 - 1 - 1615*p**w. Determine v(-1).
-8
Let o(u) be the first derivative of -u**3/3 + 3*u**2/2 - 8*u + 717. What is o(-6)?
-62
Let b(f) = 3*f - 2 - f**2 + 2*f + 2*f**2. Suppose 4*g + 55 = 5*d - 0*g, 25 = 5*d + 2*g. Suppose 1 = k, d*l - 2*k = 5*l - 12. What is b(l)?
-2
Let c(q) be the first derivative of -3 + 1/3*q**3 + 4*q**2 + 8*q. What is c(-6)?
-4
Let i(h) = 4*h - h**2 - h**2 - 4 + 3*h**2. Let p be (2 + (-55)/15)/((-20)/(-60)). Determine i(p).
1
Let u(d) = -26*d + 20. Let f(j) = 2*j - 2. Let k(b) = -10*f(b) - u(b). Give k(5).
30
Let x(z) be the third derivative of z**6/720 - z**5/40 + z**4/12 + 8*z**2. Let t(a) be the second derivative of x(a). Give t(-3).
-6
Let q(t) = -t**2 + 9*t - 13. Let l(f) = -f**2 + 8*f - 11. Let n(z) = 6*l(z) - 5*q(z). Give n(7).
-29
Let g(p) be the second derivative of -p**4/12 - 5*p**3/3 + 5*p**2 - 62*p. Determine g(-10).
10
Let h(r) = 1452*r**2 - 1448*r**2 + 3*r + 0*r - 1. What is h(-3)?
26
Let n(l) = 5*l - 25. Let b be n(4). Let o(z) be the first derivative of 2*z**3/3 + 7*z**2/2 - z + 15. Calculate o(b).
14
Let j(u) be the third derivative of -u**6/120 + u**5/12 + u**4/24 - 5*u**3/6 - 181*u**2. Give j(6).
-35
Let k(q) = -q - 5. Let d = 11 - 8. Suppose 4*c - 5*x = -25, -d*x - x + 20 = -5*c. Suppose -3*o = -4*s - 28, c*s - s + 4 = 2*o. Determine k(s).
-1
Let f(n) = n**3 - n**2 - 2 - n + n**2 + 3*n + 0*n**2 + 2*n**2. Determine f(-2).
-6
Let r be (0/3)/(-5 - -3). Let y(s) = s + r*s - 8 - 2*s - s. Let b be y(-6). Let a(d) = -2*d + 3. Determine a(b).
-5
Let s(l) be the second derivative of l**4/12 - 2*l**3/3 - 3*l**2/2 + 7*l. Suppose -36*f + 30*f + 24 = 0. What is s(f)?
-3
Let y(f) = -10*f**3 + 2*f - 1. Let q = -6 + -1. Let r = q + 10. Suppose -a + 4 = r. Give y(a).
-9
Suppose -4*b + 5*t = -106, b + 2*t - 13 = 20. Let i = 29 - b. Let q(y) = y**2 - 18. Determine q(i).
-18
Let h(g) = g**3 + 12*g**2 + 2. Let w(o) = -o**2 - 3 + 163*o - 163*o. Let s be w(-3). Let q be h(s). Let d(x) = -x + 2. Determine d(q).
0
Let u(f) be the first derivative of -f**4/4 + 16*f**3/3 + 37*f**2/2 - 17*f - 147. Determine u(18).
1
Let x(z) = -14 - 924*z**3 - 928*z**3 - 3*z + 7*z**2 + 1851*z**3. Give x(6).
4
Let f(a) be the second derivative of a**5/10 - a**2/2 - 4*a. Let m be f(1). Let s(l) = -l + 4*l + m - 6*l. Give s(3).
-8
Let i(m) = m**2. Let k(h) = 2*h**2 + h. Let a(d) = 3*i(d) - 2*k(d). Let p be 88/(-154)*(-2 + 9). Determine a(p).
-8
Let p(l) = -l**3 + 3*l**2 - 3*l - 3. Suppose -5*t + 8 = 2*n - 0, 3*n + 2*t - 12 = 0. Give p(n).
-31
Let w(t) = -t**3 + 4*t**2 + 15*t - 18. Let x be w(6). Let a(u) = -u + 3. Calculate a(x).
3
Let p = -71 + 24. Let j = -34 - p. Let b(g) = -g**3 + 14*g**2 - 15*g + 17. Calculate b(j).
-9
Let q(k) be the third derivative of -k**6/120 + k**5/30 + k**3/3 - k**2 - 44. What is q(3)?
-7
Let d(b) = 25*b + 1. Suppose 3*t + 16 - 4 = 0. Let z(n) = -n**3 - 3*n**2 + 4*n - 1. Let k be z(t). Determine d(k).
-24
Let n(t) be the second derivative of 0 - 1/20*t**5 - 3/2*t**2 - 1/3*t**4 + 3*t - 2/3*t**3. Let j(d) = d**2 - 6*d + 1. Let h be j(5). Give n(h).
13
Let o(n) = -n**3 + 4*n**2 + 2*n - 1. Let z(b) = b**3 + 1. Let u be z(-1). Suppose -h = -u*h + 8. Let x = h + 12. Calculate o(x).
7
Let f(m) = 8*m - 75. Let v be f(9). Let a(y) = 9*y - 5. Calculate a(v).
-32
Let r(o) = 12*o**2 + 7*o + 10. Let f(k) = 7*k**2 + 4*k + 6. Let u(c) = 5*f(c) - 3*r(c). Suppose 6*y - 9 - 21 = 0. Give u(y).
-30
Let k(b) = -b**2 - 7*b + 4. Suppose 2*v + 3*g + 29 = -4, -20 = 4*g. Give k(v).
-14
Let k(d) = -2*d**3 - 2*d**2 + d - 2. Let i be k(-2). Let f(l) be the third derivative of -l**4/24 + l**3/6 + 2*l**2. What is f(i)?
-3
Let z(u) = -4*u**2 + 4*u + 47. Let t(v) = 5*v**2 - 6*v - 46. Let x(c) = -3*t(c) - 4*z(c). Determine x(-8).
-2
Let d(x) be the first derivative of x**4/12 - 7*x**3/6 + 5*x**2/2 + 8*x + 10. Let h(u) be the first derivative of d(u). Let l = -43 - -48. Determine h(l).
-5
Let z = -1 + 2. Let m(n) = -2323*n**3 + 1173*n**3 + 1139*n**3 + 1. What is m(z)?
-10
Let z(p) = p**3 - 5*p**2 - 4*p - 1. Let q(o) = -o**3 + 5*o**2 + 5*o + 6. Let l be q(6). Suppose 4*n - 3*x = -16, l*x = 5*x - 20. Let g = 5 - n. Determine z(g).
11
Let k(c) be the third derivative of -c**5/60 - c**4/8 + 25*c**3/6 + 836*c**2. Calculate k(-7).
-3
Let m(o) = o**3 + 5*o**2 - 9*o - 9. Let z = 30 - 38. Let d be (6/(-7))/(z/(-56)). Give m(d).
9
Let j = -3 - -2. Let f be (3 + j)/(-2) + 2. Let v(n) = 14*n - 1. Give v(f).
13
Let z(m) = m**3 + 5*m**2 + 3*m - 3. Suppose c = -2*y - 0*c - 46, 0 = 5*y - 4*c + 102. Let f be 5*(-1 - y/10). Suppose -f*q + q - 15 = 0. Give z(q).
6
Let t(j) = -25*j**2 + 2*j**2 + 10*j + 12 + 6*j - j**3 + 11*j**2. Calculate t(-13).
-27
Let h(k) = k**3 + 6*k**2 + 1. Let g be h(-6). Suppose -5*b - g = 24. Let p(l) = l + 3. Calculate p(b).
-2
Let d(u) = -u**3 + 8*u**2 - 8*u + 6. Let b be d(7). Let y(p) be the third derivative of p**4/12 + 36*p**2. Determine y(b).
-2
Let q(m) = 2*m + 13. Let x(g) = -5*g**3 - g**2 - 1. Let a be x(1). Determine q(a).
-1
Let i be (-2 + 5)/(-6)*0. Let s be (i - 3)/(6/(-4)). Let r(u) = 2*u - 1. Let h(z) = -4*z + 1. Let t(o) = s*h(o) + 5*r(o). What is t(5)?
7
Let j(y) be the first derivative of y**4/4 - 4*y**3/3 + y**2/2 + 7*y + 454. What is j(3)?
1
Let r(y) be the third derivative of y**4/4 - y**2 - 25*y. Calculate r(5).
30
Let a(w) be the third derivative of -1/12*w**5 + 0 + 5/24*w**4 + 0*w - 14*w**2 - 1/120*w**6 - w**3. Calculate a(-6).
0
Let u = -49 - -53. Let x(z) = -6 + 0 + u + 0*z - z. Determine x(2).
-4
Suppose -10 = -2*o + 7*o. Let d be 2 + 0*(-1)/o. Let n(v) = -14*v**d + 13*v**2 - 9 + 3*v - 5*v - 4*v. Determine n(-6).
-9
Suppose -5*m = 15, 3*m - 14 - 7 = -5*o. Let u(z) = 3*z - 11. Give u(o).
7
Suppose -2*y = -w - 4*w, -5*y = 2*w + 58. Suppose -z + 2*a = -15, 3*a = -z + 7 - 12. Let j be y/(-7) + (-3)/z. Let v(k) = 2*k + 1. Determine v(j).
3
Let k(z) = -z**3 + 4*z**2 + z - 5. Let n(c) = -c**3 + c. Let p(m) = -k(m) + 2*n(m). Calculate p(-4).
1
Let j(h) = -h**2 + 9*h + 6. Let d be -21*30/(-21)*2/5. Calculate j(d).
-30
Let c(w) = 2*w**2 + 12*w - 58. Let d be c(3). Let g(l) be the third derivative of l**6/120 + l**5/12 - l**4/24 - l**3/2 - l**2. Calculate g(d).
17
Let i(j) = -7 + 20*j**2 - j + 9 - 8 + 0*j**2 + 7. Determine i(1).
20
Suppose -37*t + 14*t + 138 = 0. Let g(w) = -4*w + 18. Determine g(t).
-6
Let y(f) = -f**3 + 2*f**2 + 8*f - 3. Let a be y(4). Let n(p) = -p**3 + 6*p - 2. Give n(a).
7
Let p(w) = 2*w**2 - 4*w - 9. Let n(t) = -t**2 + 3*t + 9. Let b(l) = -3*n(l) - 2*p(l). What is b(0)?
-9
Let m(r) = -5*r - 3. Let n(p) = p. Let j(d) = -d + 2. Let u(f) = -j(f) - 6*n(f). Let w(i) = 3*m(i) - 4*u(i). Let h = -1676 - -1677. What is w(h)?
4
Let k(m) = -2*m**3 - 13*m**2 - 7*m. Suppose 7*w = 447 - 489. Calculate k(w).
6
Let d(l) = -3 + 2*l + 69*l**2 - 89*l**3 + 92*l**3 - 72*l**2. Calculate d(2).
13
Let g(i) = -i**2 + 28*i - 37. Let c(n) = n - 3. Let a(b) = 6*c(b) - 2*g(b). Determine a(24).
8
Let l(z) = z**3 + z**2 + 31. Let d = 133 - 133. What is l(d)?
31
Let k = 39 - 62. Let j = k - -21. Let u(a) = 2*a + 1. Give u(j).
-3
Let t be (2 - (-10 - -2)) + 1*-3. Let p(j) = -2*j + j + 2*j - t. What is p(7)?
0
Let d(z) = 14*z + 17*z + z**2 - 4 - 30*z. Determine d(3).
8
Let y(s) be the second derivative of -s**5/20 + s**4/3 - s**3/3 + 6*s**2 + 63*s + 3. Determine y(4).
4
Suppose 0 = -3*v - 5*q + 3 + 24, 0 = 5*v - 4*q - 8. Suppose 2*d = 5*y + v, 0*d = -3*d + 6. Let h(g) = 0*g - 12 + g + 3*g**2 - 4*g**2. What is h(y)?
-12
Let z(j) be the third derivative of -7*j**4/24 - 7*j**3 - 9*j**2 + 7*j. Determine z(-6).
0
Let p(i) = -4*i - 5. Let z(k) = k**2 - 27*k + 45. Let o be z(25). Give p(o).
15
Let k(w) = -8*w**3 + w**2 - w + 1. Let d(h) = -